{"id":2315,"date":"2024-01-31T15:43:38","date_gmt":"2024-01-31T15:43:38","guid":{"rendered":"https:\/\/www.rfbelgium.be\/?post_type=tribe_events&#038;p=2315"},"modified":"2024-01-31T16:18:14","modified_gmt":"2024-01-31T16:18:14","slug":"webinaire-la-renovation-du-viaduc-de-vilvoorde","status":"publish","type":"tribe_events","link":"https:\/\/www.rfbelgium.be\/fr\/event\/webinaire-la-renovation-du-viaduc-de-vilvoorde\/","title":{"rendered":"Webinaire \u00ab\u00a0La r\u00e9novation du Viaduc de Vilvoorde\u00a0\u00bb"},"content":{"rendered":"<div class=\"fusion-fullwidth fullwidth-box fusion-builder-row-1 fusion-flex-container has-pattern-background has-mask-background nonhundred-percent-fullwidth non-hundred-percent-height-scrolling\" style=\"--awb-border-radius-top-left:0px;--awb-border-radius-top-right:0px;--awb-border-radius-bottom-right:0px;--awb-border-radius-bottom-left:0px;--awb-flex-wrap:wrap;\" ><div class=\"fusion-builder-row fusion-row fusion-flex-align-items-flex-start fusion-flex-content-wrap\" style=\"max-width:1289.6px;margin-left: calc(-4% \/ 2 );margin-right: calc(-4% \/ 2 );\"><div class=\"fusion-layout-column fusion_builder_column fusion-builder-column-0 fusion_builder_column_1_1 1_1 fusion-flex-column\" style=\"--awb-bg-size:cover;--awb-width-large:100%;--awb-margin-top-large:0px;--awb-spacing-right-large:1.92%;--awb-margin-bottom-large:20px;--awb-spacing-left-large:1.92%;--awb-width-medium:100%;--awb-order-medium:0;--awb-spacing-right-medium:1.92%;--awb-spacing-left-medium:1.92%;--awb-width-small:100%;--awb-order-small:0;--awb-spacing-right-small:1.92%;--awb-spacing-left-small:1.92%;\"><div class=\"fusion-column-wrapper fusion-column-has-shadow fusion-flex-justify-content-flex-start fusion-content-layout-column\"><div class=\"fusion-title title fusion-title-1 fusion-title-text fusion-title-size-one\" style=\"--awb-margin-top-small:0px;--awb-margin-right-small:0px;--awb-margin-bottom-small:20px;--awb-margin-left-small:0px;--awb-font-size:40px;\"><div class=\"title-sep-container title-sep-container-left fusion-no-large-visibility fusion-no-medium-visibility fusion-no-small-visibility\"><div class=\"title-sep sep- sep-solid\" style=\"border-color:#eaeaea;\"><\/div><\/div><span class=\"awb-title-spacer fusion-no-large-visibility fusion-no-medium-visibility fusion-no-small-visibility\"><\/span><h1 class=\"fusion-title-heading title-heading-left fusion-responsive-typography-calculated\" style=\"margin:0;font-size:1em;--fontSize:40;line-height:1.2;\">La Road Federation Belgium vous invite \u00e0 assister \u00e0 son webinaire du 22 f\u00e9vrier 2024 \u2013 16:00 \u00e0 17:15 (int\u00e9gralement en n\u00e9erlandais).<\/h1><span class=\"awb-title-spacer\"><\/span><div class=\"title-sep-container title-sep-container-right\"><div class=\"title-sep sep- sep-solid\" style=\"border-color:#eaeaea;\"><\/div><\/div><\/div><div class=\"fusion-text fusion-text-1\"><p><em>Les travaux sur le viaduc de Vilvorde n\u2019en sont qu\u2019\u00e0 leurs d\u00e9buts, mais ils vont conditionner la mobilit\u00e9 sur et autour du Ring de Bruxelles pendant 8 ans. Ce webinaire vous expliquera les raisons qui ont conduit \u00e0 lancer ces travaux, la mani\u00e8re dont ils se d\u00e9rouleront et ce que vous pourrez en attendre une fois le viaduc compl\u00e8tement r\u00e9habilit\u00e9.<\/em><\/p>\n<\/div><\/div><\/div><div class=\"fusion-layout-column fusion_builder_column fusion-builder-column-1 fusion_builder_column_1_1 1_1 fusion-flex-column\" style=\"--awb-bg-size:cover;--awb-width-large:100%;--awb-margin-top-large:0px;--awb-spacing-right-large:1.92%;--awb-margin-bottom-large:20px;--awb-spacing-left-large:1.92%;--awb-width-medium:100%;--awb-order-medium:0;--awb-spacing-right-medium:1.92%;--awb-spacing-left-medium:1.92%;--awb-width-small:100%;--awb-order-small:0;--awb-spacing-right-small:1.92%;--awb-spacing-left-small:1.92%;\"><div class=\"fusion-column-wrapper fusion-column-has-shadow fusion-flex-justify-content-flex-start fusion-content-layout-column\"><div class=\"fusion-text fusion-text-2\"><p><span style=\"color: #ff0000;\"><strong>ORATEURS INVITES:<\/strong><\/span><\/p>\n<ul>\n<li><strong> Jelle Vercauteren<\/strong>, Technisch Projectleider, De Werkvennootschap<\/li>\n<li><strong> Nick Veirman<\/strong>, Project Directeur, TM Stadsbader Contractors \u2013 Viabuild &#8211; Greisch<\/li>\n<\/ul>\n<p><strong>\u00a0<\/strong><\/p>\n<p><span style=\"color: #ff0000;\"><strong>PROGRAMME<\/strong><\/span><\/p>\n<ul>\n<li><strong>Mots d\u2019introduction par le pr\u00e9sident de la Road Federation Belgium<\/strong><\/li>\n<\/ul>\n<ul>\n<li><strong>Pr\u00e9sentation du programme \u2018Werken aan de Ring\u2019<\/strong>: vue d\u2019ensemble des travaux en cours et pr\u00e9vus sur et autour de Ring de Bruxelles<\/li>\n<\/ul>\n<ul>\n<li><strong>Viaduc de Vilvorde<\/strong>\n<ul>\n<li>Historique, contextualisation et enjeux<\/li>\n<li>Ex\u00e9cution des travaux<\/li>\n<li>Phasage des travaux<\/li>\n<\/ul>\n<\/li>\n<\/ul>\n<ul>\n<li><strong>Session de questions et r\u00e9ponses<\/strong><\/li>\n<\/ul>\n<p><strong>\u00a0<\/strong><\/p>\n<p><span style=\"color: #ff0000;\"><strong>INSCRIPTION<\/strong><\/span><\/p>\n<p>Votre inscription pr\u00e9alable est requise via le formulaire accessible au moyen du lien suivant : <strong><a href=\"https:\/\/forms.gle\/v19Cb1M31EGhVgFBA\">https:\/\/forms.gle\/v19Cb1M31EGhVgFBA<\/a><\/strong><\/p>\n<p>Vous recevrez avant l\u2019\u00e9v\u00e9nement <strong>un lien \u00ab MS Teams \u00bb<\/strong> pour vous connecter \u00e0 notre webinaire.<\/p>\n<p>Nous vous remercions pour votre participation.<\/p>\n<p><strong>Team Road Federation Belgium<\/strong><\/p>\n<p>Cet \u00e9v\u00e9nement a \u00e9t\u00e9 rendu possible gr\u00e2ce au soutien de :<\/p>\n<p><img decoding=\"async\" class=\"lazyload alignnone size-full wp-image-2326\" src=\"https:\/\/www.rfbelgium.be\/wp-content\/uploads\/2024\/01\/partners.png\" data-orig-src=\"https:\/\/www.rfbelgium.be\/wp-content\/uploads\/2024\/01\/partners.png\" alt=\"\" width=\"602\" height=\"224\" srcset=\"data:image\/svg+xml,%3Csvg%20xmlns%3D%27http%3A%2F%2Fwww.w3.org%2F2000%2Fsvg%27%20width%3D%27602%27%20height%3D%27224%27%20viewBox%3D%270%200%20602%20224%27%3E%3Crect%20width%3D%27602%27%20height%3D%27224%27%20fill-opacity%3D%220%22%2F%3E%3C%2Fsvg%3E\" data-srcset=\"https:\/\/www.rfbelgium.be\/wp-content\/uploads\/2024\/01\/partners-200x74.png 200w, https:\/\/www.rfbelgium.be\/wp-content\/uploads\/2024\/01\/partners-300x112.png 300w, https:\/\/www.rfbelgium.be\/wp-content\/uploads\/2024\/01\/partners-400x149.png 400w, https:\/\/www.rfbelgium.be\/wp-content\/uploads\/2024\/01\/partners-600x223.png 600w, https:\/\/www.rfbelgium.be\/wp-content\/uploads\/2024\/01\/partners.png 602w\" data-sizes=\"auto\" data-orig-sizes=\"(max-width: 602px) 100vw, 602px\" \/><\/p>\n<\/div><\/div><\/div><\/div><\/div>\n","protected":false},"excerpt":{"rendered":"<p>Les travaux sur le viaduc de Vilvorde n\u2019en sont qu\u2019\u00e0 leurs d\u00e9buts, mais ils vont conditionner la mobilit\u00e9 sur et autour du Ring de Bruxelles pendant 8 ans. Ce webinaire vous expliquera les raisons qui ont conduit \u00e0 lancer ces travaux, la mani\u00e8re dont ils se d\u00e9rouleront et ce que vous pourrez en attendre une fois le viaduc compl\u00e8tement r\u00e9habilit\u00e9.<\/p>\n","protected":false},"author":1,"featured_media":2318,"comment_status":"closed","ping_status":"closed","template":"","meta":{"_tribe_events_status":"","_tribe_events_status_reason":"","footnotes":""},"tags":[],"tribe_events_cat":[],"class_list":["post-2315","tribe_events","type-tribe_events","status-publish","has-post-thumbnail","hentry"],"_links":{"self":[{"href":"https:\/\/www.rfbelgium.be\/fr\/wp-json\/wp\/v2\/tribe_events\/2315","targetHints":{"allow":["GET"]}}],"collection":[{"href":"https:\/\/www.rfbelgium.be\/fr\/wp-json\/wp\/v2\/tribe_events"}],"about":[{"href":"https:\/\/www.rfbelgium.be\/fr\/wp-json\/wp\/v2\/types\/tribe_events"}],"author":[{"embeddable":true,"href":"https:\/\/www.rfbelgium.be\/fr\/wp-json\/wp\/v2\/users\/1"}],"replies":[{"embeddable":true,"href":"https:\/\/www.rfbelgium.be\/fr\/wp-json\/wp\/v2\/comments?post=2315"}],"version-history":[{"count":0,"href":"https:\/\/www.rfbelgium.be\/fr\/wp-json\/wp\/v2\/tribe_events\/2315\/revisions"}],"wp:featuredmedia":[{"embeddable":true,"href":"https:\/\/www.rfbelgium.be\/fr\/wp-json\/wp\/v2\/media\/2318"}],"wp:attachment":[{"href":"https:\/\/www.rfbelgium.be\/fr\/wp-json\/wp\/v2\/media?parent=2315"}],"wp:term":[{"taxonomy":"post_tag","embeddable":true,"href":"https:\/\/www.rfbelgium.be\/fr\/wp-json\/wp\/v2\/tags?post=2315"},{"taxonomy":"tribe_events_cat","embeddable":true,"href":"https:\/\/www.rfbelgium.be\/fr\/wp-json\/wp\/v2\/tribe_events_cat?post=2315"}],"curies":[{"name":"wp","href":"https:\/\/api.w.org\/{rel}","templated":true}]}}

Webinaire « La rénovation du Viaduc de Vilvoorde »

<div class="fusion-fullwidth fullwidth-box fusion-builder-row-1 fusion-flex-container has-pattern-background has-mask-background nonhundred-percent-fullwidth non-hundred-percent-height-scrolling" style="--awb-border-radius-top-left:0px;--awb-border-radius-top-right:0px;--awb-border-radius-bottom-right:0px;--awb-border-radius-bottom-left:0px;--awb-flex-wrap:wrap;" ><div class="fusion-builder-row fusion-row fusion-flex-align-items-flex-start fusion-flex-content-wrap" style="max-width:1289.6px;margin-left: calc(-4% / 2 );margin-right: calc(-4% / 2 );"><div class="fusion-layout-column fusion_builder_column fusion-builder-column-0 fusion_builder_column_1_1 1_1 fusion-flex-column" style="--awb-bg-size:cover;--awb-width-large:100%;--awb-margin-top-large:0px;--awb-spacing-right-large:1.92%;--awb-margin-bottom-large:20px;--awb-spacing-left-large:1.92%;--awb-width-medium:100%;--awb-order-medium:0;--awb-spacing-right-medium:1.92%;--awb-spacing-left-medium:1.92%;--awb-width-small:100%;--awb-order-small:0;--awb-spacing-right-small:1.92%;--awb-spacing-left-small:1.92%;"><div class="fusion-column-wrapper fusion-column-has-shadow fusion-flex-justify-content-flex-start fusion-content-layout-column"><div class="fusion-title title fusion-title-1 fusion-title-text fusion-title-size-one" style="--awb-margin-top-small:0px;--awb-margin-right-small:0px;--awb-margin-bottom-small:20px;--awb-margin-left-small:0px;--awb-font-size:40px;"><div class="title-sep-container title-sep-container-left fusion-no-large-visibility fusion-no-medium-visibility fusion-no-small-visibility"><div class="title-sep sep- sep-solid" style="border-color:#eaeaea;"></div></div><span class="awb-title-spacer fusion-no-large-visibility fusion-no-medium-visibility fusion-no-small-visibility"></span><h1 class="fusion-title-heading title-heading-left fusion-responsive-typography-calculated" style="margin:0;font-size:1em;--fontSize:40;line-height:1.2;">La Road Federation Belgium vous invite à assister à son webinaire du 22 février 2024 – 16:00 à 17:15 (intégralement en néerlandais).</h1><span class="awb-title-spacer"></span><div class="title-sep-container title-sep-container-right"><div class="title-sep sep- sep-solid" style="border-color:#eaeaea;"></div></div></div><div class="fusion-text fusion-text-1"><p><em>Les travaux sur le viaduc de Vilvorde n’en sont qu’à leurs débuts, mais ils vont conditionner la mobilité sur et autour du Ring de Bruxelles pendant 8 ans. Ce webinaire vous expliquera les raisons qui ont conduit à lancer ces travaux, la manière dont ils se dérouleront et ce que vous pourrez en attendre une fois le viaduc complètement réhabilité.</em></p>
</div></div></div><div class="fusion-layout-column fusion_builder_column fusion-builder-column-1 fusion_builder_column_1_1 1_1 fusion-flex-column" style="--awb-bg-size:cover;--awb-width-large:100%;--awb-margin-top-large:0px;--awb-spacing-right-large:1.92%;--awb-margin-bottom-large:20px;--awb-spacing-left-large:1.92%;--awb-width-medium:100%;--awb-order-medium:0;--awb-spacing-right-medium:1.92%;--awb-spacing-left-medium:1.92%;--awb-width-small:100%;--awb-order-small:0;--awb-spacing-right-small:1.92%;--awb-spacing-left-small:1.92%;"><div class="fusion-column-wrapper fusion-column-has-shadow fusion-flex-justify-content-flex-start fusion-content-layout-column"><div class="fusion-text fusion-text-2"><p><span style="color: #ff0000;"><strong>ORATEURS INVITES:</strong></span></p>
<ul>
<li><strong> Jelle Vercauteren</strong>, Technisch Projectleider, De Werkvennootschap</li>
<li><strong> Nick Veirman</strong>, Project Directeur, TM Stadsbader Contractors – Viabuild &#8211; Greisch</li>
</ul>
<p><strong> </strong></p>
<p><span style="color: #ff0000;"><strong>PROGRAMME</strong></span></p>
<ul>
<li><strong>Mots d’introduction par le président de la Road Federation Belgium</strong></li>
</ul>
<ul>
<li><strong>Présentation du programme ‘Werken aan de Ring’</strong>: vue d’ensemble des travaux en cours et prévus sur et autour de Ring de Bruxelles</li>
</ul>
<ul>
<li><strong>Viaduc de Vilvorde</strong>
<ul>
<li>Historique, contextualisation et enjeux</li>
<li>Exécution des travaux</li>
<li>Phasage des travaux</li>
</ul>
</li>
</ul>
<ul>
<li><strong>Session de questions et réponses</strong></li>
</ul>
<p><strong> </strong></p>
<p><span style="color: #ff0000;"><strong>INSCRIPTION</strong></span></p>
<p>Votre inscription préalable est requise via le formulaire accessible au moyen du lien suivant : <strong><a href="https://forms.gle/v19Cb1M31EGhVgFBA">https://forms.gle/v19Cb1M31EGhVgFBA</a></strong></p>
<p>Vous recevrez avant l’événement <strong>un lien « MS Teams »</strong> pour vous connecter à notre webinaire.</p>
<p>Nous vous remercions pour votre participation.</p>
<p><strong>Team Road Federation Belgium</strong></p>
<p>Cet événement a été rendu possible grâce au soutien de :</p>
<p><img decoding="async" class="lazyload alignnone size-full wp-image-2326" src="https://www.rfbelgium.be/wp-content/uploads/2024/01/partners.png" data-orig-src="https://www.rfbelgium.be/wp-content/uploads/2024/01/partners.png" alt="" width="602" height="224" srcset="data:image/svg+xml,%3Csvg%20xmlns%3D%27http%3A%2F%2Fwww.w3.org%2F2000%2Fsvg%27%20width%3D%27602%27%20height%3D%27224%27%20viewBox%3D%270%200%20602%20224%27%3E%3Crect%20width%3D%27602%27%20height%3D%27224%27%20fill-opacity%3D%220%22%2F%3E%3C%2Fsvg%3E" data-srcset="https://www.rfbelgium.be/wp-content/uploads/2024/01/partners-200x74.png 200w, https://www.rfbelgium.be/wp-content/uploads/2024/01/partners-300x112.png 300w, https://www.rfbelgium.be/wp-content/uploads/2024/01/partners-400x149.png 400w, https://www.rfbelgium.be/wp-content/uploads/2024/01/partners-600x223.png 600w, https://www.rfbelgium.be/wp-content/uploads/2024/01/partners.png 602w" data-sizes="auto" data-orig-sizes="(max-width: 602px) 100vw, 602px" /></p>
</div></div></div></div></div>

<p>Les travaux sur le viaduc de Vilvorde n’en sont qu’à leurs débuts, mais ils vont conditionner la mobilité sur et autour du Ring de Bruxelles pendant 8 ans. Ce webinaire vous expliquera les raisons qui ont conduit à lancer ces travaux, la manière dont ils se dérouleront et ce que vous pourrez en attendre une fois le viaduc complètement réhabilité.</p>
