{"id":1990,"date":"2022-11-22T17:49:17","date_gmt":"2022-11-22T17:49:17","guid":{"rendered":"https:\/\/www.rfbelgium.be\/?post_type=tribe_events&#038;p=1990"},"modified":"2024-03-25T16:19:19","modified_gmt":"2024-03-25T16:19:19","slug":"your-roads-tomorrow","status":"publish","type":"tribe_events","link":"https:\/\/www.rfbelgium.be\/fr\/event\/your-roads-tomorrow\/","title":{"rendered":"Your Roads Tomorrow"},"content":{"rendered":"<p>Madame, Monsieur,<\/p>\n<p>Le <strong>jeudi 16 f\u00e9vrier 2023<\/strong> la Road Federation Belgium a le plaisir de vous inviter \u00e0 la troisi\u00e8me \u00e9dition de son \u00e9v\u00e8nement <strong>\u2018Your Roads Tomorrow\u2019 <\/strong>qui aura lieu au <strong>Centre de Recherches Routi\u00e8res (CRR) \u00e0 Sterrebeek<\/strong>.<\/p>\n<p>Attention : le nombre de places est limit\u00e9. Participation gratuite.<\/p>\n<p>Date limite d\u2019inscription : le <strong>10 f\u00e9vrier 2023. <\/strong><\/p>\n<p>Inscription via : <a href=\"https:\/\/bit.ly\/3HCzyJg\">https:\/\/bit.ly\/3HCzyJg<\/a><\/p>\n<p>&nbsp;<\/p>\n<h3><strong>PROGRAMME<\/strong><\/h3>\n<ul>\n<li><strong>13h00<\/strong> Accueil caf\u00e9<\/li>\n<li><strong>13h40<\/strong> <em>Pr\u00e9sentation du programme de l\u2019apr\u00e8s-midi et mod\u00e9rateur des d\u00e9bats<\/em><\/li>\n<\/ul>\n<p><strong>Xavier Tackoen, <em>Administrateur d\u00e9l\u00e9gu\u00e9 de EM &amp; Partners<\/em><\/strong><\/p>\n<ul>\n<li><strong>13h50<\/strong> <em>Mot d\u2019accueil et pr\u00e9sentation de la Road Federation Belgium<\/em><\/li>\n<\/ul>\n<p><strong>Annick De Swaef, <em>Directrice g\u00e9n\u00e9rale du Centre de Recherches Routi\u00e8res<\/em><\/strong><\/p>\n<p><strong>Jo Vanmechelen, <em>Pr\u00e9sident de la Road Federation Belgium<\/em><\/strong><\/p>\n<ul>\n<li><strong>14h00<\/strong> <em>\u201cContexte \u00e9conomique et aspects financiers des investissements publics relatifs aux travaux d\u2019infrastructures routi\u00e8res\u201c<\/em><\/li>\n<\/ul>\n<p><strong>Koen De Leus, <em>Chief Economist chez BNP-Paribas-Fortis<\/em><\/strong><\/p>\n<ul>\n<li><strong>14h25<\/strong> <em>\u201cComment la route peut-elle co-financer la route de demain?\u201c<\/em><\/li>\n<\/ul>\n<p><strong>Johan Schoups, <em>Administrateur general de VIAPASS IRE\/EIR<\/em><\/strong><\/p>\n<ul>\n<li><strong>14h50<\/strong> <em>\u201c\u00c9lectrification de notre parc automobile : Incidence et d\u00e9fis pour les infrastructures autorouti\u00e8res\u201c<\/em><\/li>\n<\/ul>\n<p><strong>Tuur De Coninck, <em>Country Manager chez FASTNED Belgique<\/em><\/strong><\/p>\n<ul>\n<li><strong>15h15<\/strong> <em>\u201cD\u00e9veloppement durable dans le secteur de la construction routi\u00e8re\u201c<\/em><\/li>\n<\/ul>\n<p><strong>Toon Jans, <em>HQSE manager chez Viabuild, membre de la FBEV (F\u00e9d\u00e9ration Belge des Entrepreneurs de Travaux de Voirie)<\/em><\/strong><\/p>\n<ul>\n<li><strong>15h40<\/strong> Pause caf\u00e9<\/li>\n<li><strong>16h00<\/strong> <em>Synth\u00e8se des th\u00e8mes abord\u00e9s et introduction \u00e0 la table ronde avec les hauts responsables des trois Administrations r\u00e9gionales en charge de la Mobilit\u00e9 et des Infrastructures dans notre pays.<\/em><\/li>\n<\/ul>\n<p><strong>Kathy Vandenmeersschaut, <em>Administratrice g\u00e9n\u00e9rale, Agentschap Wegen en Verkeer<\/em><\/strong><\/p>\n<p><strong>Etienne Willame, <em>Directeur g\u00e9n\u00e9ral, SPW Mobilit\u00e9 et Infrastructures<\/em><\/strong><\/p>\n<p><strong>Christophe Vanoerbeek, <em>Directeur g\u00e9n\u00e9ral, Bruxelles Mobilit\u00e9<\/em><\/strong><\/p>\n<p><em>\u00ab\u00a0Plans d&rsquo;investissement des diff\u00e9rentes R\u00e9gions et vision sur les Routes de demain notamment dans la perspective du d\u00e9veloppement des voitures autonomes\u00a0\u00bb<\/em><\/p>\n<ul>\n<li><strong>16h45<\/strong> Questions et r\u00e9ponses<\/li>\n<li><strong>17h00<\/strong> Conclusions et remerciements<\/li>\n<\/ul>\n<p><strong>Jo Vanmechelen, <em>Pr\u00e9sident de la Road Federation Belgium<\/em><\/strong><\/p>\n<ul>\n<li><strong>17h05<\/strong> R\u00e9ception offerte par la Road Federation Belgium<\/li>\n<\/ul>\n<p>&nbsp;<\/p>\n<p>Cliquez <a href=\"https:\/\/www.google.com\/maps\/search\/CCR,+Fokkersdreef+21,+1933+Sterrebeek.\/@50.8481764,4.5100528,17z\/data=!3m1!4b1\">ici<\/a> pour localiser le <strong>CRR, Fokkersreef 21, 1933 Sterrebeek<\/strong>.<\/p>\n<p>Les emplacements de parking sont mis gratuitement \u00e0 votre disposition.<\/p>\n<p><strong>\u00a0<\/strong><\/p>\n<p>Au plaisir de vous compter parmi nous !<\/p>\n<p><strong>L\u2019\u00e9quipe de la Road Federation Belgium<\/strong><\/p>\n<p><strong>\u00a0<\/strong><\/p>\n<p>Tous nos remerciements aux sponsors de cet \u00e9v\u00e8nement :<\/p>\n<p><img decoding=\"async\" class=\"lazyload alignnone wp-image-2127\" src=\"https:\/\/www.rfbelgium.be\/wp-content\/uploads\/2022\/11\/partenaires.png\" data-orig-src=\"https:\/\/www.rfbelgium.be\/wp-content\/uploads\/2022\/11\/partenaires.png\" alt=\"\" width=\"413\" height=\"151\" srcset=\"data:image\/svg+xml,%3Csvg%20xmlns%3D%27http%3A%2F%2Fwww.w3.org%2F2000%2Fsvg%27%20width%3D%27413%27%20height%3D%27151%27%20viewBox%3D%270%200%20413%20151%27%3E%3Crect%20width%3D%27413%27%20height%3D%27151%27%20fill-opacity%3D%220%22%2F%3E%3C%2Fsvg%3E\" data-srcset=\"https:\/\/www.rfbelgium.be\/wp-content\/uploads\/2022\/11\/partenaires-200x73.png 200w, https:\/\/www.rfbelgium.be\/wp-content\/uploads\/2022\/11\/partenaires-300x110.png 300w, https:\/\/www.rfbelgium.be\/wp-content\/uploads\/2022\/11\/partenaires-400x146.png 400w, https:\/\/www.rfbelgium.be\/wp-content\/uploads\/2022\/11\/partenaires-600x219.png 600w, https:\/\/www.rfbelgium.be\/wp-content\/uploads\/2022\/11\/partenaires-768x281.png 768w, https:\/\/www.rfbelgium.be\/wp-content\/uploads\/2022\/11\/partenaires-800x292.png 800w, https:\/\/www.rfbelgium.be\/wp-content\/uploads\/2022\/11\/partenaires-1024x374.png 1024w, https:\/\/www.rfbelgium.be\/wp-content\/uploads\/2022\/11\/partenaires-1200x439.png 1200w, https:\/\/www.rfbelgium.be\/wp-content\/uploads\/2022\/11\/partenaires.png 1204w\" data-sizes=\"auto\" data-orig-sizes=\"(max-width: 413px) 100vw, 413px\" \/><\/p>\n<p>&nbsp;<\/p>\n<p>Ainsi qu&rsquo;aux organisations ayant apport\u00e9 leur aide pr\u00e9cieuse \u00e0 l&rsquo;organisation de cet \u00e9v\u00e9nement :<\/p>\n<p><a href=\"https:\/\/www.fegc.be\/\"><img decoding=\"async\" class=\"lazyload alignnone size-medium wp-image-2175\" src=\"https:\/\/www.rfbelgium.be\/wp-content\/uploads\/2022\/11\/FEGC_logo_long-300x150.jpg\" data-orig-src=\"https:\/\/www.rfbelgium.be\/wp-content\/uploads\/2022\/11\/FEGC_logo_long-300x150.jpg\" alt=\"\" width=\"300\" height=\"150\" srcset=\"data:image\/svg+xml,%3Csvg%20xmlns%3D%27http%3A%2F%2Fwww.w3.org%2F2000%2Fsvg%27%20width%3D%27300%27%20height%3D%27150%27%20viewBox%3D%270%200%20300%20150%27%3E%3Crect%20width%3D%27300%27%20height%3D%27150%27%20fill-opacity%3D%220%22%2F%3E%3C%2Fsvg%3E\" data-srcset=\"https:\/\/www.rfbelgium.be\/wp-content\/uploads\/2022\/11\/FEGC_logo_long-200x100.jpg 200w, https:\/\/www.rfbelgium.be\/wp-content\/uploads\/2022\/11\/FEGC_logo_long-300x150.jpg 300w, https:\/\/www.rfbelgium.be\/wp-content\/uploads\/2022\/11\/FEGC_logo_long-400x200.jpg 400w, https:\/\/www.rfbelgium.be\/wp-content\/uploads\/2022\/11\/FEGC_logo_long-540x272.jpg 540w, https:\/\/www.rfbelgium.be\/wp-content\/uploads\/2022\/11\/FEGC_logo_long-600x300.jpg 600w, https:\/\/www.rfbelgium.be\/wp-content\/uploads\/2022\/11\/FEGC_logo_long-768x384.jpg 768w, https:\/\/www.rfbelgium.be\/wp-content\/uploads\/2022\/11\/FEGC_logo_long-800x400.jpg 800w, https:\/\/www.rfbelgium.be\/wp-content\/uploads\/2022\/11\/FEGC_logo_long-1024x512.jpg 1024w, https:\/\/www.rfbelgium.be\/wp-content\/uploads\/2022\/11\/FEGC_logo_long-1200x600.jpg 1200w, https:\/\/www.rfbelgium.be\/wp-content\/uploads\/2022\/11\/FEGC_logo_long-1536x768.jpg 1536w\" data-sizes=\"auto\" data-orig-sizes=\"(max-width: 300px) 100vw, 300px\" \/><\/a> <a href=\"https:\/\/digi-barometre.be\/\"><img decoding=\"async\" class=\"lazyload alignnone wp-image-2178\" src=\"https:\/\/www.rfbelgium.be\/wp-content\/uploads\/2022\/11\/BFAW-282x300.jpg\" data-orig-src=\"https:\/\/www.rfbelgium.be\/wp-content\/uploads\/2022\/11\/BFAW-282x300.jpg\" alt=\"\" width=\"130\" height=\"138\" srcset=\"data:image\/svg+xml,%3Csvg%20xmlns%3D%27http%3A%2F%2Fwww.w3.org%2F2000%2Fsvg%27%20width%3D%27130%27%20height%3D%27138%27%20viewBox%3D%270%200%20130%20138%27%3E%3Crect%20width%3D%27130%27%20height%3D%27138%27%20fill-opacity%3D%220%22%2F%3E%3C%2Fsvg%3E\" data-srcset=\"https:\/\/www.rfbelgium.be\/wp-content\/uploads\/2022\/11\/BFAW-200x213.jpg 200w, https:\/\/www.rfbelgium.be\/wp-content\/uploads\/2022\/11\/BFAW-282x300.jpg 282w, https:\/\/www.rfbelgium.be\/wp-content\/uploads\/2022\/11\/BFAW-400x426.jpg 400w, https:\/\/www.rfbelgium.be\/wp-content\/uploads\/2022\/11\/BFAW.jpg 443w\" data-sizes=\"auto\" data-orig-sizes=\"(max-width: 130px) 100vw, 130px\" \/><\/a> <a href=\"https:\/\/brrc.be\/en\"><img decoding=\"async\" class=\"lazyload alignnone wp-image-2190\" src=\"https:\/\/www.rfbelgium.be\/wp-content\/uploads\/2022\/11\/BRRC_2-300x68.png\" data-orig-src=\"https:\/\/www.rfbelgium.be\/wp-content\/uploads\/2022\/11\/BRRC_2-300x68.png\" alt=\"\" width=\"397\" height=\"90\" srcset=\"data:image\/svg+xml,%3Csvg%20xmlns%3D%27http%3A%2F%2Fwww.w3.org%2F2000%2Fsvg%27%20width%3D%27397%27%20height%3D%2790%27%20viewBox%3D%270%200%20397%2090%27%3E%3Crect%20width%3D%27397%27%20height%3D%2790%27%20fill-opacity%3D%220%22%2F%3E%3C%2Fsvg%3E\" data-srcset=\"https:\/\/www.rfbelgium.be\/wp-content\/uploads\/2022\/11\/BRRC_2-200x45.png 200w, https:\/\/www.rfbelgium.be\/wp-content\/uploads\/2022\/11\/BRRC_2-300x68.png 300w, https:\/\/www.rfbelgium.be\/wp-content\/uploads\/2022\/11\/BRRC_2-400x91.png 400w, https:\/\/www.rfbelgium.be\/wp-content\/uploads\/2022\/11\/BRRC_2.png 560w\" data-sizes=\"auto\" data-orig-sizes=\"(max-width: 397px) 100vw, 397px\" \/><\/a><\/p>\n<p>Si vous souhaitez \u00e9galement participer au sponsoring de cet \u00e9v\u00e8nement, veuillez contacter notre secr\u00e9taire general Marc Van Brabant via <a href=\"mailto:info@rfbelgium.be\">info@rfbelgium.be<\/a> ou 0475\/41.31.68.<\/p>\n","protected":false},"excerpt":{"rendered":"<p>Le jeudi 16 f\u00e9vrier 2023 la Road Federation Belgium a le plaisir de vous inviter \u00e0 la troisi\u00e8me \u00e9dition de son \u00e9v\u00e8nement \u2018Your Roads Tomorrow\u2019 qui aura lieu au Centre de Recherches Routi\u00e8res (CRR) \u00e0 Sterrebeek.<\/p>\n","protected":false},"author":1,"featured_media":2170,"comment_status":"closed","ping_status":"closed","template":"","meta":{"_tribe_events_status":"","_tribe_events_status_reason":"","footnotes":""},"tags":[],"tribe_events_cat":[],"class_list":["post-1990","tribe_events","type-tribe_events","status-publish","has-post-thumbnail","hentry"],"_links":{"self":[{"href":"https:\/\/www.rfbelgium.be\/fr\/wp-json\/wp\/v2\/tribe_events\/1990","targetHints":{"allow":["GET"]}}],"collection":[{"href":"https:\/\/www.rfbelgium.be\/fr\/wp-json\/wp\/v2\/tribe_events"}],"about":[{"href":"https:\/\/www.rfbelgium.be\/fr\/wp-json\/wp\/v2\/types\/tribe_events"}],"author":[{"embeddable":true,"href":"https:\/\/www.rfbelgium.be\/fr\/wp-json\/wp\/v2\/users\/1"}],"replies":[{"embeddable":true,"href":"https:\/\/www.rfbelgium.be\/fr\/wp-json\/wp\/v2\/comments?post=1990"}],"version-history":[{"count":0,"href":"https:\/\/www.rfbelgium.be\/fr\/wp-json\/wp\/v2\/tribe_events\/1990\/revisions"}],"wp:featuredmedia":[{"embeddable":true,"href":"https:\/\/www.rfbelgium.be\/fr\/wp-json\/wp\/v2\/media\/2170"}],"wp:attachment":[{"href":"https:\/\/www.rfbelgium.be\/fr\/wp-json\/wp\/v2\/media?parent=1990"}],"wp:term":[{"taxonomy":"post_tag","embeddable":true,"href":"https:\/\/www.rfbelgium.be\/fr\/wp-json\/wp\/v2\/tags?post=1990"},{"taxonomy":"tribe_events_cat","embeddable":true,"href":"https:\/\/www.rfbelgium.be\/fr\/wp-json\/wp\/v2\/tribe_events_cat?post=1990"}],"curies":[{"name":"wp","href":"https:\/\/api.w.org\/{rel}","templated":true}]}}

<p>Madame, Monsieur,</p>
<p>Le <strong>jeudi 16 février 2023</strong> la Road Federation Belgium a le plaisir de vous inviter à la troisième édition de son évènement <strong>‘Your Roads Tomorrow’ </strong>qui aura lieu au <strong>Centre de Recherches Routières (CRR) à Sterrebeek</strong>.</p>
<p>Attention : le nombre de places est limité. Participation gratuite.</p>
<p>Date limite d’inscription : le <strong>10 février 2023. </strong></p>
<p>Inscription via : <a href="https://bit.ly/3HCzyJg">https://bit.ly/3HCzyJg</a></p>
<p>&nbsp;</p>
<h3><strong>PROGRAMME</strong></h3>
<ul>
<li><strong>13h00</strong> Accueil café</li>
<li><strong>13h40</strong> <em>Présentation du programme de l’après-midi et modérateur des débats</em></li>
</ul>
<p><strong>Xavier Tackoen, <em>Administrateur délégué de EM &amp; Partners</em></strong></p>
<ul>
<li><strong>13h50</strong> <em>Mot d’accueil et présentation de la Road Federation Belgium</em></li>
</ul>
<p><strong>Annick De Swaef, <em>Directrice générale du Centre de Recherches Routières</em></strong></p>
<p><strong>Jo Vanmechelen, <em>Président de la Road Federation Belgium</em></strong></p>
<ul>
<li><strong>14h00</strong> <em>“Contexte économique et aspects financiers des investissements publics relatifs aux travaux d’infrastructures routières“</em></li>
</ul>
<p><strong>Koen De Leus, <em>Chief Economist chez BNP-Paribas-Fortis</em></strong></p>
<ul>
<li><strong>14h25</strong> <em>“Comment la route peut-elle co-financer la route de demain?“</em></li>
</ul>
<p><strong>Johan Schoups, <em>Administrateur general de VIAPASS IRE/EIR</em></strong></p>
<ul>
<li><strong>14h50</strong> <em>“Électrification de notre parc automobile : Incidence et défis pour les infrastructures autoroutières“</em></li>
</ul>
<p><strong>Tuur De Coninck, <em>Country Manager chez FASTNED Belgique</em></strong></p>
<ul>
<li><strong>15h15</strong> <em>“Développement durable dans le secteur de la construction routière“</em></li>
</ul>
<p><strong>Toon Jans, <em>HQSE manager chez Viabuild, membre de la FBEV (Fédération Belge des Entrepreneurs de Travaux de Voirie)</em></strong></p>
<ul>
<li><strong>15h40</strong> Pause café</li>
<li><strong>16h00</strong> <em>Synthèse des thèmes abordés et introduction à la table ronde avec les hauts responsables des trois Administrations régionales en charge de la Mobilité et des Infrastructures dans notre pays.</em></li>
</ul>
<p><strong>Kathy Vandenmeersschaut, <em>Administratrice générale, Agentschap Wegen en Verkeer</em></strong></p>
<p><strong>Etienne Willame, <em>Directeur général, SPW Mobilité et Infrastructures</em></strong></p>
<p><strong>Christophe Vanoerbeek, <em>Directeur général, Bruxelles Mobilité</em></strong></p>
<p><em>« Plans d&rsquo;investissement des différentes Régions et vision sur les Routes de demain notamment dans la perspective du développement des voitures autonomes »</em></p>
<ul>
<li><strong>16h45</strong> Questions et réponses</li>
<li><strong>17h00</strong> Conclusions et remerciements</li>
</ul>
<p><strong>Jo Vanmechelen, <em>Président de la Road Federation Belgium</em></strong></p>
<ul>
<li><strong>17h05</strong> Réception offerte par la Road Federation Belgium</li>
</ul>
<p>&nbsp;</p>
<p>Cliquez <a href="https://www.google.com/maps/search/CCR,+Fokkersdreef+21,+1933+Sterrebeek./@50.8481764,4.5100528,17z/data=!3m1!4b1">ici</a> pour localiser le <strong>CRR, Fokkersreef 21, 1933 Sterrebeek</strong>.</p>
<p>Les emplacements de parking sont mis gratuitement à votre disposition.</p>
<p><strong> </strong></p>
<p>Au plaisir de vous compter parmi nous !</p>
<p><strong>L’équipe de la Road Federation Belgium</strong></p>
<p><strong> </strong></p>
<p>Tous nos remerciements aux sponsors de cet évènement :</p>
<p><img decoding="async" class="lazyload alignnone wp-image-2127" src="https://www.rfbelgium.be/wp-content/uploads/2022/11/partenaires.png" data-orig-src="https://www.rfbelgium.be/wp-content/uploads/2022/11/partenaires.png" alt="" width="413" height="151" srcset="data:image/svg+xml,%3Csvg%20xmlns%3D%27http%3A%2F%2Fwww.w3.org%2F2000%2Fsvg%27%20width%3D%27413%27%20height%3D%27151%27%20viewBox%3D%270%200%20413%20151%27%3E%3Crect%20width%3D%27413%27%20height%3D%27151%27%20fill-opacity%3D%220%22%2F%3E%3C%2Fsvg%3E" data-srcset="https://www.rfbelgium.be/wp-content/uploads/2022/11/partenaires-200x73.png 200w, https://www.rfbelgium.be/wp-content/uploads/2022/11/partenaires-300x110.png 300w, https://www.rfbelgium.be/wp-content/uploads/2022/11/partenaires-400x146.png 400w, https://www.rfbelgium.be/wp-content/uploads/2022/11/partenaires-600x219.png 600w, https://www.rfbelgium.be/wp-content/uploads/2022/11/partenaires-768x281.png 768w, https://www.rfbelgium.be/wp-content/uploads/2022/11/partenaires-800x292.png 800w, https://www.rfbelgium.be/wp-content/uploads/2022/11/partenaires-1024x374.png 1024w, https://www.rfbelgium.be/wp-content/uploads/2022/11/partenaires-1200x439.png 1200w, https://www.rfbelgium.be/wp-content/uploads/2022/11/partenaires.png 1204w" data-sizes="auto" data-orig-sizes="(max-width: 413px) 100vw, 413px" /></p>
<p>&nbsp;</p>
<p>Ainsi qu&rsquo;aux organisations ayant apporté leur aide précieuse à l&rsquo;organisation de cet événement :</p>
<p><a href="https://www.fegc.be/"><img decoding="async" class="lazyload alignnone size-medium wp-image-2175" src="https://www.rfbelgium.be/wp-content/uploads/2022/11/FEGC_logo_long-300x150.jpg" data-orig-src="https://www.rfbelgium.be/wp-content/uploads/2022/11/FEGC_logo_long-300x150.jpg" alt="" width="300" height="150" srcset="data:image/svg+xml,%3Csvg%20xmlns%3D%27http%3A%2F%2Fwww.w3.org%2F2000%2Fsvg%27%20width%3D%27300%27%20height%3D%27150%27%20viewBox%3D%270%200%20300%20150%27%3E%3Crect%20width%3D%27300%27%20height%3D%27150%27%20fill-opacity%3D%220%22%2F%3E%3C%2Fsvg%3E" data-srcset="https://www.rfbelgium.be/wp-content/uploads/2022/11/FEGC_logo_long-200x100.jpg 200w, https://www.rfbelgium.be/wp-content/uploads/2022/11/FEGC_logo_long-300x150.jpg 300w, https://www.rfbelgium.be/wp-content/uploads/2022/11/FEGC_logo_long-400x200.jpg 400w, https://www.rfbelgium.be/wp-content/uploads/2022/11/FEGC_logo_long-540x272.jpg 540w, https://www.rfbelgium.be/wp-content/uploads/2022/11/FEGC_logo_long-600x300.jpg 600w, https://www.rfbelgium.be/wp-content/uploads/2022/11/FEGC_logo_long-768x384.jpg 768w, https://www.rfbelgium.be/wp-content/uploads/2022/11/FEGC_logo_long-800x400.jpg 800w, https://www.rfbelgium.be/wp-content/uploads/2022/11/FEGC_logo_long-1024x512.jpg 1024w, https://www.rfbelgium.be/wp-content/uploads/2022/11/FEGC_logo_long-1200x600.jpg 1200w, https://www.rfbelgium.be/wp-content/uploads/2022/11/FEGC_logo_long-1536x768.jpg 1536w" data-sizes="auto" data-orig-sizes="(max-width: 300px) 100vw, 300px" /></a> <a href="https://digi-barometre.be/"><img decoding="async" class="lazyload alignnone wp-image-2178" src="https://www.rfbelgium.be/wp-content/uploads/2022/11/BFAW-282x300.jpg" data-orig-src="https://www.rfbelgium.be/wp-content/uploads/2022/11/BFAW-282x300.jpg" alt="" width="130" height="138" srcset="data:image/svg+xml,%3Csvg%20xmlns%3D%27http%3A%2F%2Fwww.w3.org%2F2000%2Fsvg%27%20width%3D%27130%27%20height%3D%27138%27%20viewBox%3D%270%200%20130%20138%27%3E%3Crect%20width%3D%27130%27%20height%3D%27138%27%20fill-opacity%3D%220%22%2F%3E%3C%2Fsvg%3E" data-srcset="https://www.rfbelgium.be/wp-content/uploads/2022/11/BFAW-200x213.jpg 200w, https://www.rfbelgium.be/wp-content/uploads/2022/11/BFAW-282x300.jpg 282w, https://www.rfbelgium.be/wp-content/uploads/2022/11/BFAW-400x426.jpg 400w, https://www.rfbelgium.be/wp-content/uploads/2022/11/BFAW.jpg 443w" data-sizes="auto" data-orig-sizes="(max-width: 130px) 100vw, 130px" /></a> <a href="https://brrc.be/en"><img decoding="async" class="lazyload alignnone wp-image-2190" src="https://www.rfbelgium.be/wp-content/uploads/2022/11/BRRC_2-300x68.png" data-orig-src="https://www.rfbelgium.be/wp-content/uploads/2022/11/BRRC_2-300x68.png" alt="" width="397" height="90" srcset="data:image/svg+xml,%3Csvg%20xmlns%3D%27http%3A%2F%2Fwww.w3.org%2F2000%2Fsvg%27%20width%3D%27397%27%20height%3D%2790%27%20viewBox%3D%270%200%20397%2090%27%3E%3Crect%20width%3D%27397%27%20height%3D%2790%27%20fill-opacity%3D%220%22%2F%3E%3C%2Fsvg%3E" data-srcset="https://www.rfbelgium.be/wp-content/uploads/2022/11/BRRC_2-200x45.png 200w, https://www.rfbelgium.be/wp-content/uploads/2022/11/BRRC_2-300x68.png 300w, https://www.rfbelgium.be/wp-content/uploads/2022/11/BRRC_2-400x91.png 400w, https://www.rfbelgium.be/wp-content/uploads/2022/11/BRRC_2.png 560w" data-sizes="auto" data-orig-sizes="(max-width: 397px) 100vw, 397px" /></a></p>
<p>Si vous souhaitez également participer au sponsoring de cet évènement, veuillez contacter notre secrétaire general Marc Van Brabant via <a href="mailto:info@rfbelgium.be">info@rfbelgium.be</a> ou 0475/41.31.68.</p>

<p>Le jeudi 16 février 2023 la Road Federation Belgium a le plaisir de vous inviter à la troisième édition de son évènement ‘Your Roads Tomorrow’ qui aura lieu au Centre de Recherches Routières (CRR) à Sterrebeek.</p>
